 is the thousands digit of 17148076?
8
What is the ten thousands digit of 8131887?
3
What is the thousands digit of 4925990?
5
What is the ten thousands digit of 948511?
4
What is the tens digit of 11344993?
9
What is the units digit of 5020383?
3
What is the units digit of 3725617?
7
What is the units digit of 15458739?
9
What is the ten thousands digit of 4561557?
6
What is the tens digit of 758478?
7
What is the thousands digit of 221875?
1
What is the tens digit of 3449642?
4
What is the thousands digit of 188530?
8
What is the thousands digit of 2385932?
5
What is the units digit of 70522?
2
What is the units digit of 3383201?
1
What is the tens digit of 149513?
1
What is the tens digit of 5452550?
5
What is the ten millions digit of 24156279?
2
What is the millions digit of 1685509?
1
What is the hundreds digit of 593008?
0
What is the thousands digit of 226577?
6
What is the units digit of 10237823?
3
What is the tens digit of 8481635?
3
What is the thousands digit of 139472?
9
What is the hundreds digit of 3704662?
6
What is the units digit of 348501?
1
What is the units digit of 9128686?
6
What is the hundreds digit of 8457107?
1
What is the thousands digit of 412219?
2
What is the millions digit of 7512982?
7
What is the hundred thousands digit of 8017165?
0
What is the hundred thousands digit of 11453753?
4
What is the hundred thousands digit of 12026579?
0
What is the ten thousands digit of 2413297?
1
What is the thousands digit of 588262?
8
What is the thousands digit of 364738?
4
What is the millions digit of 5706846?
5
What is the ten thousands digit of 331749?
3
What is the ten thousands digit of 7012435?
1
What is the units digit of 5961352?
2
What is the ten thousands digit of 7453423?
5
What is the units digit of 395194?
4
What is the tens digit of 7462765?
6
What is the tens digit of 101119?
1
What is the thousands digit of 54387?
4
What is the units digit of 90109?
9
What is the units digit of 789194?
4
What is the ten thousands digit of 2654135?
5
What is the hundreds digit of 91436?
4
What is the tens digit of 633032?
3
What is the tens digit of 7464091?
9
What is the tens digit of 26490?
9
What is the hundred thousands digit of 394931?
3
What is the thousands digit of 343913?
3
What is the units digit of 5157919?
9
What is the units digit of 1157056?
6
What is the tens digit of 11876113?
1
What is the thousands digit of 223291?
3
What is the tens digit of 13876817?
1
What is the tens digit of 155727?
2
What is the hundreds digit of 28458155?
1
What is the ten thousands digit of 433350?
3
What is the units digit of 62750?
0
What is the units digit of 207629?
9
What is the millions digit of 30555453?
0
What is the thousands digit of 51229?
1
What is the ten thousands digit of 5131868?
3
What is the hundreds digit of 279969?
9
What is the thousands digit of 130274?
0
What is the thousands digit of 7787?
7
What is the ten thousands digit of 148230?
4
What is the hundred thousands digit of 773260?
7
What is the hundreds digit of 344339?
3
What is the ten thousands digit of 9429209?
2
What is the hundreds digit of 4205248?
2
What is the thousands digit of 3185366?
5
What is the ten thousands digit of 5019421?
1
What is the tens digit of 43181?
8
What is the units digit of 167041?
1
What is the hundreds digit of 810561?
5
What is the tens digit of 1882170?
7
What is the tens digit of 891591?
9
What is the units digit of 1929733?
3
What is the tens digit of 983200?
0
What is the hundreds digit of 314913?
9
What is the ten millions digit of 26980042?
2
What is the ten thousands digit of 113973?
1
What is the thousands digit of 391520?
1
What is the units digit of 1985336?
6
What is the ten thousands digit of 1470041?
7
What is the units digit of 150595?
5
What is the millions digit of 1429759?
1
What is the hundreds digit of 428693?
6
What is the units digit of 710877?
7
What is the tens digit of 228422?
2
What is the ten thousands digit of 3371817?
7
What is the hundreds digit of 21415887?
8
What is the millions digit of 1046098?
1
What is the units digit of 766585?
5
What is the tens digit of 144999?
9
What is the millions digit of 37264066?
7
What is the tens digit of 692377?
7
What is the thousands digit of 254191?
4
What is the units digit of 96593?
3
What is the millions digit of 7092000?
7
What is the tens digit of 1189071?
7
What is the units digit of 5795336?
6
What is the hundred thousands digit of 732546?
7
What is the tens digit of 12931138?
3
What is the hundreds digit of 26165470?
4
What is the hundred thousands digit of 648199?
6
What is the hundred thousands digit of 189455?
1
What is the hundreds digit of 733869?
8
What is the thousands digit of 1125670?
5
What is the units digit of 22997905?
5
What is the ten thousands digit of 1687897?
8
What is the tens digit of 237700?
0
What is the millions digit of 26753666?
6
What is the hundred thousands digit of 1593036?
5
What is the tens digit of 1225467?
6
What is the tens digit of 294442?
4
What is the tens digit of 6206568?
6
What is the ten thousands digit of 44435?
4
What is the hundreds digit of 4332985?
9
What is the ten thousands digit of 387273?
8
What is the tens digit of 26136?
3
What is the ten thousands digit of 3258642?
5
What is the hundreds digit of 4213?
2
What is the tens digit of 6127212?
1
What is the thousands digit of 7257624?
7
What is the thousands digit of 2066907?
6
What is the hundred thousands digit of 232937?
2
What is the ten thousands digit of 3461456?
6
What is the ten thousands digit of 1213683?
1
What is the units digit of 474446?
6
What is the units digit of 347159?
9
What is the millions digit of 1144368?
1
What is the ten thousands digit of 162299?
6
What is the thousands digit of 243862?
3
What is the hundred thousands digit of 1120463?
1
What is the thousands digit of 252308?
2
What is the units digit of 856631?
1
What is the ten thousands digit of 365401?
6
What is the ten thousands digit of 5669141?
6
What is the hundreds digit of 311516?
5
What is the units digit of 6986342?
2
What is the hundred thousands digit of 2033703?
0
What is the hundred thousands digit of 171711?
1
What is the hundreds digit of 174706?
7
What is the ten thousands digit of 658162?
5
What is the hundred thousands digit of 1992742?
9
What is the units digit of 954121?
1
What is the tens digit of 205364?
6
What is the millions digit of 6339764?
6
What is the millions digit of 6508916?
6
What is the thousands digit of 11326183?
6
What is the hundreds digit of 974895?
8
What is the millions digit of 4076322?
4
What is the millions digit of 1030855?
1
What is the units digit of 82618?
8
What is the hundreds digit of 72784?
7
What is the units digit of 3427699?
9
What is the tens digit of 9232528?
2
What is the hundred thousands digit of 975316?
9
What is the units digit of 93494?
4
What is the millions digit of 11993520?
1
What is the units digit of 28161398?
8
What is the units digit of 23581168?
8
What is the ten thousands digit of 1312025?
1
What is the tens digit of 294137?
3
What is the tens digit of 320480?
8
What is the ten millions digit of 20257940?
2
What is the thousands digit of 6916109?
6
What is the units digit of 889093?
3
What is the ten thousands digit of 277972?
7
What is the ten thousands digit of 804630?
0
What is the tens digit of 2581400?
0
What is the units digit of 9527603?
3
What is the hundreds digit of 68610?
6
What is the thousands digit of 233792?
3
What is the hundreds digit of 713277?
2
What is the units digit of 549347?
7
What is the millions digit of 12299003?
2
What is the units digit of 209213?
3
What is the units digit of 9774?
4
What is the ten thousands digit of 850427?
5
What is the hundreds digit of 65832?
8
What is the units digit of 483749?
9
What is the tens digit of 8674110?
1
What is the hundred thousands digit of 5425771?
4
What is the thousands digit of 251183?
1
What is the units digit of 68542?
2
What is the hundreds digit of 2439498?
4
What is the hundreds digit of 463013?
0
What is the hundreds digit of 246195?
1
What is the ten thousands digit of 3386603?
8
What is the thousands digit of 22789?
2
What is the hundred thousands digit of 18686623?
6
What is the hundreds digit of 4750328?
3
What is the uni